 when 11738 is divided by 129.
128
Calculate the remainder when 6565 is divided by 235.
220
What is the remainder when 34778 is divided by 11570?
68
What is the remainder when 1239 is divided by 403?
30
Calculate the remainder when 2357 is divided by 295.
292
What is the remainder when 8130 is divided by 14?
10
What is the remainder when 124401 is divided by 47?
39
What is the remainder when 28327 is divided by 23?
14
Calculate the remainder when 38756 is divided by 38749.
7
What is the remainder when 17860 is divided by 2539?
87
What is the remainder when 9863 is divided by 32?
7
What is the remainder when 178483 is divided by 24?
19
Calculate the remainder when 165237 is divided by 9.
6
What is the remainder when 230 is divided by 4?
2
What is the remainder when 513 is divided by 186?
141
What is the remainder when 322523 is divided by 6?
5
Calculate the remainder when 545124 is divided by 175.
174
What is the remainder when 48060 is divided by 358?
88
Calculate the remainder when 6894 is divided by 1370.
44
What is the remainder when 375776 is divided by 16338?
2
Calculate the remainder when 306304 is divided by 13.
11
What is the remainder when 1231 is divided by 549?
133
What is the remainder when 8191 is divided by 1575?
316
What is the remainder when 483811 is divided by 60476?
3
What is the remainder when 1351 is divided by 100?
51
What is the remainder when 240912 is divided by 40150?
12
Calculate the remainder when 6305 is divided by 788.
1
What is the remainder when 1514 is divided by 300?
14
What is the remainder when 1456 is divided by 858?
598
What is the remainder when 4862 is divided by 610?
592
Calculate the remainder when 4376 is divided by 574.
358
Calculate the remainder when 1566058 is divided by 60.
58
What is the remainder when 25970 is divided by 564?
26
Calculate the remainder when 139470 is divided by 1603.
9
Calculate the remainder when 630958 is divided by 528.
526
What is the remainder when 140567 is divided by 12?
11
Calculate the remainder when 481 is divided by 102.
73
What is the remainder when 11895 is divided by 165?
15
What is the remainder when 23713 is divided by 992?
897
Calculate the remainder when 109552 is divided by 120.
112
What is the remainder when 344 is divided by 97?
53
Calculate the remainder when 3140 is divided by 1009.
113
What is the remainder when 1676 is divided by 1520?
156
What is the remainder when 558617 is divided by 23?
16
What is the remainder when 1895 is divided by 363?
80
Calculate the remainder when 3239 is divided by 1074.
17
What is the remainder when 286713 is divided by 229?
5
Calculate the remainder when 158115 is divided by 26350.
15
What is the remainder when 117518 is divided by 130?
128
Calculate the remainder when 9797 is divided by 393.
365
Calculate the remainder when 346005 is divided by 31.
14
What is the remainder when 1824 is divided by 101?
6
What is the remainder when 84690 is divided by 197?
177
What is the remainder when 194036 is divided by 198?
194
Calculate the remainder when 20295 is divided by 29.
24
Calculate the remainder when 232663 is divided by 229.
228
Calculate the remainder when 1294 is divided by 626.
42
What is the remainder when 34948 is divided by 32?
4
Calculate the remainder when 13500 is divided by 22.
14
Calculate the remainder when 50982 is divided by 106.
102
What is the remainder when 2488 is divided by 179?
161
What is the remainder when 3578 is divided by 466?
316
Calculate the remainder when 2018 is divided by 667.
17
Calculate the remainder when 9373 is divided by 44.
1
Calculate the remainder when 13934 is divided by 47.
22
What is the remainder when 1275706 is divided by 425235?
1
What is the remainder when 31261 is divided by 652?
617
Calculate the remainder when 384 is divided by 201.
183
What is the remainder when 9498 is divided by 3680?
2138
What is the remainder when 449898 is divided by 25?
23
Calculate the remainder when 259913 is divided by 54.
11
Calculate the remainder when 574485 is divided by 42.
9
Calculate the remainder when 424126 is divided by 2.
0
What is the remainder when 32029 is divided by 3?
1
What is the remainder when 188 is divided by 176?
12
What is the remainder when 10778 is divided by 240?
218
Calculate the remainder when 991904 is divided by 217.
214
Calculate the remainder when 502 is divided by 109.
66
What is the remainder when 14725 is divided by 4862?
139
What is the remainder when 9055 is divided by 1502?
43
Calculate the remainder when 5994 is divided by 167.
149
Calculate the remainder when 18165 is divided by 1065.
60
What is the remainder when 574998 is divided by 1150?
1148
What is the remainder when 401519 is divided by 17?
13
Calculate the remainder when 2939970 is divided by 1404.
1398
Calculate the remainder when 2114 is divided by 357.
329
What is the remainder when 1963601 is divided by 782?
781
Calculate the remainder when 72663 is divided by 243.
6
What is the remainder when 3614 is divided by 409?
342
What is the remainder when 18849 is divided by 3122?
117
Calculate the remainder when 18904 is divided by 6151.
451
What is the remainder when 5490948 is divided by 23?
20
What is the remainder when 76783 is divided by 382?
1
Calculate the remainder when 545251 is divided by 674.
659
Calculate the remainder when 19798 is divided by 90.
88
What is the remainder when 32949 is divided by 8046?
765
What is the remainder when 21534 is divided by 75?
9
What is the remainder when 58990 is divided by 118?
108
What is the remainder when 3506 is divided by 1575?
356
Calculate the remainder when 25199 is divided by 600.
599
What is the remainder when 19185 is divided by 262?
59
What is the remainder when 4607 is divided by 647?
78
Calculate the remainder when 5453 is divided by 121.
8
What is the remainder when 238971 is divided by 47791?
16
What is the remainder when 28800 is divided by 14400?
0
What is the remainder when 24906 is divided by 515?
186
What is the remainder when 53851 is divided by 9?
4
What is the remainder when 4764997 is divided by 946?
941
Calculate the remainder when 24178 is divided by 39.
37
What is the remainder when 8012 is divided by 297?
290
Calculate the remainder when 4629 is divided by 1507.
108
Calculate the remainder when 442507 is divided by 22.
21
Calculate the remainder when 22077 is divided by 4400.
77
What is the remainder when 895101 is divided by 888?
885
Calculate the remainder when 4125 is divided by 159.
150
What is the remainder when 163508 is divided by 4?
0
What is the remainder when 500799 is divided by 313?
312
Calculate the remainder when 27519 is divided by 4558.
171
What is the remainder when 287576 is divided by 316?
16
What is the remainder when 178878 is divided by 26?
24
What is the remainder when 954176 is divided by 684?
680
What is the remainder when 24556 is divided by 13?
12
What is the remainder when 5965 is divided by 1976?
37
What is the remainder when 515838 is divided by 130?
128
What is the remainder when 2793 is divided by 760?
513
What is the remainder when 1722 is divided by 27?
21
Calculate the remainder when 11094 is divided by 2217.
9
Calculate the remainder when 31856 is divided by 73.
28
Calculate the remainder when 4035089 is divided by 156.
149
What is the remainder when 17147 is divided by 8522?
103
Calculate the remainder when 764 is divided by 34.
16
Calculate the remainder when 273166 is divided by 1214.
16
What is the remainder when 48183 is divided by 604?
467
What is the remainder when 1505 is divided by 736?
33
Calculate the remainder when 40350 is divided by 194.
192
What is the remainder when 36560 is divided by 362?
360
Calculate the remainder when 5063 is divided by 4733.
330
What is the remainder when 5960 is divided by 215?
155
What is the remainder when 4320 is divided by 205?
15
Calculate the remainder when 25595 is divided by 2104.
347
What is the remainder when 516585 is divided by 49?
27
Calculate the remainder when 5747 is divided by 5.
2
Calculate the remainder when 16093 is divided by 575.
568
Calculate the remainder when 4084 is divided by 318.
268
Calculate the remainder when 4505 is divided by 1385.
350
Calculate the remainder when 9691 is divided by 33.
22
Calculate the remainder when 112